39*g + 21. Determine w(19).
2
Let i(h) = h**2 + 20*h - 24. Determine i(-14).
-108
Let a(c) = -2*c**2 + 143*c - 2372. Determine a(27).
31
Let w(i) = i**2 + 3198*i - 9598. Calculate w(3).
5
Let a(o) = o**3 - 12*o**2 - 41*o - 58. Calculate a(15).
2
Let t(x) = 200*x + 798. What is t(-4)?
-2
Let k(t) = 192*t + 4618. What is k(-24)?
10
Let n(p) = 7*p**2 - 2*p - 3. Give n(4).
101
Let w(q) = q**3 - 15*q**2 + 4*q - 10. Calculate w(13).
-296
Let o(w) = -w**2 - 14*w - 37. Give o(-6).
11
Let s(k) = -131*k**2 + 10*k - 14. Calculate s(2).
-518
Let z(a) = -7*a**2 - 75*a + 303. Calculate z(4).
-109
Let q(j) = -6*j**2 - 150*j - 52. Determine q(-13).
884
Let z(w) = 4*w**2 - 85*w + 46. Determine z(21).
25
Let l(f) = 20*f - 124. Give l(7).
16
Let w(l) = 710*l + 14903. Calculate w(-21).
-7
Let t(w) = -13*w**2 + 65*w - 36. Calculate t(4).
16
Let w(g) = -15*g**3 + 106*g**2 - 20*g + 91. Determine w(7).
0
Let r(l) = -16*l**2 + 17*l - 17. What is r(5)?
-332
Let m(l) = -4*l - 170. What is m(8)?
-202
Let t(p) = -18*p - 2315. Calculate t(-127).
-29
Let t(p) = 6*p - 109. What is t(-4)?
-133
Let p(g) = g**3 + 8*g**2 + 45. What is p(-9)?
-36
Let i(a) = -a**3 - 51*a**2 - 303*a - 1487. Calculate i(-45).
-2
Let g(s) = 2*s**3 + 101*s**2 - 378*s - 127. What is g(-54)?
-127
Let j(q) = q**3 + 31*q**2 + 58*q - 19. Determine j(-29).
-19
Let k(o) = -2*o**2 - 130*o + 2206. Calculate k(14).
-6
Let k(a) = -4*a - 75. Determine k(6).
-99
Let v(u) = -u - 415. Calculate v(13).
-428
Let r(u) = u**2 + 30*u + 185. Give r(-22).
9
Let y(c) = -14*c + 252. What is y(16)?
28
Let f(u) = 26*u - 869. What is f(36)?
67
Let t(i) = 15*i + 8. Give t(0).
8
Let u(k) = 2583*k - 7766. Give u(3).
-17
Let j(h) = -h**2 + 147*h - 1358. Calculate j(10).
12
Let n(o) = 2*o**3 + 9*o**2 - 219*o - 925. Calculate n(-4).
-33
Let r(g) = -g**3 - 11*g**2 - 31*g - 4. What is r(-7)?
17
Let y(g) = 6*g**3 - 77*g**2 + 27*g - 146. Determine y(13).
374
Let x(l) = 13*l - 154. Determine x(22).
132
Let v(h) = -h**3 - 21*h**2 + 19*h + 37. Calculate v(-10).
-1253
Let s(b) = -4*b**3 + 33*b**2 - 31*b - 20. Give s(7).
8
Let u(q) = -203*q - 2827. Calculate u(-14).
15
Let x(n) = -n**3 + 10*n**2 + 50*n - 288. What is x(4)?
8
Let t(m) = 2*m**2 - 1791*m - 5. Give t(0).
-5
Let n(h) = -4140*h - 66237. Determine n(-16).
3
Let h(g) = -2*g**3 + 5*g**2 - 32*g + 648. Determine h(7).
-17
Let f(m) = -m**3 + 21*m**2 - 33*m - 61. What is f(19)?
34
Let y(a) = -5*a**2 - 202*a + 49. Calculate y(-41).
-74
Let x(f) = f**3 - 5*f**2 - 20*f + 100. What is x(5)?
0
Let m(d) = -d**3 - 9*d**2 + 793*d + 27. Calculate m(-33).
-6
Let j(p) = 14*p**3 - 4*p**2 + 3*p - 3. What is j(2)?
99
Let q(p) = 64*p + 475. What is q(-6)?
91
Let t(l) = -165*l - 11688. Give t(-71).
27
Let a(y) = 6*y**3 + y**2 + 14*y - 16. Determine a(1).
5
Let h(r) = r**3 - 46*r**2 - 372*r + 63. Determine h(53).
10
Let x(u) = 9*u + 170. Determine x(-38).
-172
Let u(h) = -36*h - 248. Give u(11).
-644
Let n(l) = -966*l - 3852. Determine n(-4).
12
Let z(c) = -2*c**3 + 173*c**2 + 76*c + 951. Calculate z(87).
-6
Let j(w) = -w**3 + 22*w**2 - 73*w - 10. What is j(18)?
-28
Let p(s) = -2*s**3 - 1046*s**2 - 6*s - 3135. What is p(-523)?
3
Let w(u) = -u**2 + 45*u - 500. Determine w(17).
-24
Let i(r) = -60*r + 4510. What is i(72)?
190
Let l(v) = v**3 + 14*v**2 - 19*v - 160. Calculate l(-3).
-4
Let v(l) = 3*l - 35. Calculate v(19).
22
Let m(u) = u**3 + 14*u**2 + 56*u + 11. Calculate m(-7).
-38
Let y(v) = -6*v**2 - 27*v - 50. Give y(-4).
-38
Let p(i) = 974*i - 125626. Give p(129).
20
Let b(w) = -19*w - 962. Give b(-55).
83
Let f(p) = 73*p + 2165. What is f(-30)?
-25
Let x(y) = 5*y**2 - 13*y + 6. Calculate x(-5).
196
Let c(m) = -1088*m - 9786. What is c(-9)?
6
Let o(p) = -2*p**2 + 38*p - 226. Determine o(7).
-58
Let p(t) = t**2 - 58*t - 2875. What is p(-32)?
5
Let v(y) = 7*y - 61. Determine v(7).
-12
Let h(u) = 2*u**3 + 31*u**2 + 20*u + 33. Calculate h(-14).
341
Let n(i) = 4*i + 59. Determine n(-36).
-85
Let i(p) = p**3 + 14*p**2 + 25*p - 68. Determine i(-11).
20
Let n(j) = -54*j - 506. What is n(-9)?
-20
Let h(j) = -j**3 + 38*j**2 + 170*j - 85. What is h(42)?
-1
Let g(m) = 2*m**2 + 26*m - 5. Determine g(-6).
-89
Let z(p) = 2*p**3 - 54*p**2 + 51*p - 3. Determine z(26).
-29
Let g(y) = 2*y**2 - 66*y + 563. Give g(15).
23
Let o(a) = -119*a - 566. Give o(-5).
29
Let g(y) = 3*y**2 - 870*y - 3517. What is g(-4)?
11
Let y(o) = -o**2 + 7*o + 28. Give y(-14).
-266
Let v(m) = -4*m**2 - 74*m - 105. Calculate v(-17).
-3
Let l(j) = -j**3 - 2*j**2 + 51*j + 28. Calculate l(7).
-56
Let l(m) = m**3 + 25*m**2 + 4*m + 17. Determine l(-24).
497
Let l(p) = 116*p + 1264. Determine l(-11).
-12
Let w(y) = 4*y**2 - 714*y - 715. Give w(-1).
3
Let r(w) = 8*w**3 + 7*w - 5. What is r(1)?
10
Let o(x) = 1982*x - 21782. Determine o(11).
20
Let o(p) = -p**3 + 64*p**2 - 453*p - 20. Calculate o(8).
-60
Let w(l) = -l**3 - 3*l**2 + 27*l - 27. What is w(-7)?
-20
Let g(v) = -v**2 - 61*v - 317. Determine g(-5).
-37
Let q(z) = 2*z**3 + 4*z**2 - z - 5. Determine q(4).
183
Let w(g) = 7*g**2 - 162*g + 1106. Give w(7).
315
Let c(z) = -146*z + 6. What is c(-1)?
152
Let q(m) = -61*m + 209. Give q(4).
-35
Let d(z) = 4*z**3 + 469*z**2 + 6902*z + 208. What is d(-100)?
8
Let g(v) = 20*v**3 + 303*v**2 + 40*v - 75. What is g(-15)?
0
Let l(g) = -g**3 - 3*g**2 - 9*g - 1. Calculate l(-8).
391
Let p(s) = 26*s - 328. Determine p(19).
166
Let o(x) = -15657*x + 31287. What is o(2)?
-27
Let y(t) = -22*t + 160. Determine y(7).
6
Let h(n) = -3*n**2 + 24*n - 25. Determine h(6).
11
Let o(f) = -16*f**2 - 66*f + 70. Determine o(-5).
0
Let m(c) = 102*c - 1964. Give m(18).
-128
Let s(l) = -70*l - 751. What is s(-11)?
19
Let s(h) = 3*h**2 - 10*h - 22. What is s(-5)?
103
Let v(j) = j**2 + 30*j - 738. Calculate v(-46).
-2
Let z(y) = 7*y**2 + 230*y - 16. Give z(-33).
17
Let y(x) = -2*x**3 + 76*x**2 - 74*x - 40. Determine y(37).
-40
Let s(o) = 4*o**2 + 5*o - 536. What is s(-12)?
-20
Let c(j) = -j**3 + 2*j**2 + 18*j + 3. What is c(-3)?
-6
Let w(h) = -56*h + 157. What is w(0)?
157
Let h(x) = -16*x**2 + 6*x + 18. Calculate h(-3).
-144
Let c(o) = -202*o + 5242. What is c(26)?
-10
Let v(a) = a**2 + 17*a - 1047. Determine v(25).
3
Let d(y) = -y**2 + 27*y - 32. What is d(26)?
-6
Let n(y) = -49*y + 1235. What is n(26)?
-39
Let l(a) = a - 29. Give l(45).
16
Let c(q) = 2*q**3 + 30*q**2 + 110*q - 1. Give c(-7).
13
Let c(d) = -83*d - 423. Determine c(-6).
75
Let w(q) = 16*q - 114. What is w(12)?
78
Let v(f) = 293*f - 56. What is v(1)?
237
Let f(h) = 29*h + 47. Determine f(-2).
-11
Let i(k) = 6*k**2 + 84*k - 330. Calculate i(4).
102
Let a(v) = -2*v**3 + 46*v**2 - 168*v + 6. What is a(4)?
-58
Let l(g) = -g**3 + 122*g**2 + 86*g + 4547. What is l(123)?
-4
Let g(k) = 1266*k + 10132. Calculate g(-8).
4
Let o(j) = -2*j**2 + 96*j + 71. What is o(49)?
-27
Let o(u) = -8*u**3 + 1570*u**2 - 386*u - 1171. Determine o(196).
5
Let a(v) = v**3 - 543*v**2 + 2687*v + 5. Calculate a(5).
-10
Let k(x) = 6089*x - 48713. Calculate k(8).
-1
Let z(g) = -86*g - 6442. Calculate z(-74).
-78
Let j(x) = -59*x - 2551. What is j(-43)?
-14
Let x(r) = -10*r**2 + 165*r + 338. Determine x(-2).
-32
Let i(u) = -2*u**2 + 10*u - 20. Calculate i(-12).
-428
Let k(s) = 23*s - 1272. What is k(55)?
-7
Let c(z) = 88*z + 1111. Determine c(-13).
-33
Let w(m) = -155*m - 501. Give w(-3).
-36
Let o(b) = 5*b**3 - 18*b**2 - 53*b + 77. Give o(5).
-13
Let z(m) = m**2 - 57. Give z(-14).
139
Let n(m) = -31*m + 5. Calculate n(7).
-212
Let s(f) = -12*f**3 + 145*f**2 - 21*f + 113. Determine s(12).
5
Let d(f) = 267*f + 5357. Calculate d(-20).
17
Let u(j) = -j**2 + 11*j - 19. Determine u(6).
11
Let s(x) = -10*x + 725. Give s(73).
-5
Let w(x) = -x**2 + 32*x + 99. What is w(-4)?
-45
Let h(q) = 457*q + 564. What is h(-1)?
107
Let j(t) = t**3 - 33*t**2 + 27*t + 167. Determine j(32).
7
Let n(o) = -o**2 - 5*o - 58. Give n(-14).
-184
Let g(y) = -25*y - 1368. Determine g(-70).
382
Let p(i) = -7*i**2 - 67*i - 47. Calculate p(-6).
103
Let c(z) = z**2 - 56*z - 1871. What is c(-24)?
49
Let c(i) = -i**3 - 18*i**2 - 49*i - 13. Give c(-15).
47
Let v(q) = -6*q + 142. Calculate v(32).
-50
Let g(w) = 40*w**2 - 158*w - 321. What is g(-2)?
155
Let t(h) = 4*h**2 - 44*h + 22. Give t(16).
342
Let a(w) = -2*w**2 + 111*w - 1265. Determine a(16).
-1
Let u(w) = -34*w**3 - 14*w**2 - 17*w